{"id":3934,"date":"2026-03-09T13:51:35","date_gmt":"2026-03-09T13:51:35","guid":{"rendered":"https:\/\/tennisgordola.ch\/?page_id=3934"},"modified":"2026-03-12T14:45:08","modified_gmt":"2026-03-12T14:45:08","slug":"protezione-dei-dati","status":"publish","type":"page","link":"https:\/\/tennisgordola.ch\/index.php\/protezione-dei-dati\/","title":{"rendered":"Protezione dei dati"},"content":{"rendered":"\t\t<div data-elementor-type=\"wp-page\" data-elementor-id=\"3934\" class=\"elementor elementor-3934\" data-elementor-post-type=\"page\">\n\t\t\t\t\t\t<section class=\"elementor-section elementor-top-section elementor-element elementor-element-a0a57ec elementor-section-boxed elementor-section-height-default elementor-section-height-default\" data-id=\"a0a57ec\" data-element_type=\"section\" data-e-type=\"section\">\n\t\t\t\t\t\t<div class=\"elementor-container elementor-column-gap-default\">\n\t\t\t\t\t<div class=\"elementor-column elementor-col-100 elementor-top-column elementor-element elementor-element-233785a\" data-id=\"233785a\" data-element_type=\"column\" data-e-type=\"column\">\n\t\t\t<div class=\"elementor-widget-wrap elementor-element-populated\">\n\t\t\t\t\t\t<div class=\"elementor-element elementor-element-2c52dc6 elementor-widget elementor-widget-spacer\" data-id=\"2c52dc6\" data-element_type=\"widget\" data-e-type=\"widget\" data-widget_type=\"spacer.default\">\n\t\t\t\t<div class=\"elementor-widget-container\">\n\t\t\t\t\t\t\t<div class=\"elementor-spacer\">\n\t\t\t<div class=\"elementor-spacer-inner\"><\/div>\n\t\t<\/div>\n\t\t\t\t\t\t<\/div>\n\t\t\t\t<\/div>\n\t\t\t\t<div class=\"elementor-element elementor-element-168e681 elementor-widget elementor-widget-heading\" data-id=\"168e681\" data-element_type=\"widget\" data-e-type=\"widget\" data-widget_type=\"heading.default\">\n\t\t\t\t<div class=\"elementor-widget-container\">\n\t\t\t\t\t<h2 class=\"elementor-heading-title elementor-size-default\">Dichiarazione sulla protezione dei dati<\/h2>\t\t\t\t<\/div>\n\t\t\t\t<\/div>\n\t\t\t\t\t<\/div>\n\t\t<\/div>\n\t\t\t\t\t<\/div>\n\t\t<\/section>\n\t\t\t\t<section class=\"elementor-section elementor-top-section elementor-element elementor-element-6717392 elementor-section-boxed elementor-section-height-default elementor-section-height-default\" data-id=\"6717392\" data-element_type=\"section\" data-e-type=\"section\">\n\t\t\t\t\t\t<div class=\"elementor-container elementor-column-gap-default\">\n\t\t\t\t\t<div class=\"elementor-column elementor-col-100 elementor-top-column elementor-element elementor-element-23f3c93\" data-id=\"23f3c93\" data-element_type=\"column\" data-e-type=\"column\">\n\t\t\t<div class=\"elementor-widget-wrap elementor-element-populated\">\n\t\t\t\t\t\t<div class=\"elementor-element elementor-element-c40e998 elementor-widget elementor-widget-text-editor\" data-id=\"c40e998\" data-element_type=\"widget\" data-e-type=\"widget\" data-widget_type=\"text-editor.default\">\n\t\t\t\t<div class=\"elementor-widget-container\">\n\t\t\t\t\t\t\t\t\t<p>Questo sito Web raccoglie alcuni dati personali dei propri utenti. In base all&#8217;articolo 13 della Costituzione federale svizzera e alle disposizioni della Confederazione in materia di Protezione dei Dati (Legge sulla Protezione dei Dati, LPD), ogni persona ha diritto alla protezione della sua sfera privata, nonch\u00e9 alla protezione da un impiego abusivo dei suoi dati personali.Il Tennis Gordola si attiene a queste disposizioni. I dati personali sono trattati con la massima riservatezza e non sono n\u00e9 venduti n\u00e9 trasmessi a terzi. In stretta collaborazione con il nostro provider di Web hosting, ci adoperiamo per proteggere il pi\u00f9 possibile le banche dati da attacchi, perdite, falsificazioni o abusi esterni.<\/p>\t\t\t\t\t\t\t\t<\/div>\n\t\t\t\t<\/div>\n\t\t\t\t\t<\/div>\n\t\t<\/div>\n\t\t\t\t\t<\/div>\n\t\t<\/section>\n\t\t\t\t<section class=\"elementor-section elementor-top-section elementor-element elementor-element-47c6c7c elementor-section-boxed elementor-section-height-default elementor-section-height-default\" data-id=\"47c6c7c\" data-element_type=\"section\" data-e-type=\"section\">\n\t\t\t\t\t\t<div class=\"elementor-container elementor-column-gap-default\">\n\t\t\t\t\t<div class=\"elementor-column elementor-col-100 elementor-top-column elementor-element elementor-element-7fd0f7c\" data-id=\"7fd0f7c\" data-element_type=\"column\" data-e-type=\"column\">\n\t\t\t<div class=\"elementor-widget-wrap elementor-element-populated\">\n\t\t\t\t\t\t<div class=\"elementor-element elementor-element-f6afe7f elementor-widget elementor-widget-text-editor\" data-id=\"f6afe7f\" data-element_type=\"widget\" data-e-type=\"widget\" data-widget_type=\"text-editor.default\">\n\t\t\t\t<div class=\"elementor-widget-container\">\n\t\t\t\t\t\t\t\t\t<p><strong>Titolare del trattamento dei dati<\/strong><\/p><p>Il Tennis Gordola si propone di curare e di promuovere lo sport del tennis.<\/p>\t\t\t\t\t\t\t\t<\/div>\n\t\t\t\t<\/div>\n\t\t\t\t\t<\/div>\n\t\t<\/div>\n\t\t\t\t\t<\/div>\n\t\t<\/section>\n\t\t\t\t<section class=\"elementor-section elementor-top-section elementor-element elementor-element-a620081 elementor-section-boxed elementor-section-height-default elementor-section-height-default\" data-id=\"a620081\" data-element_type=\"section\" data-e-type=\"section\">\n\t\t\t\t\t\t<div class=\"elementor-container elementor-column-gap-default\">\n\t\t\t\t\t<div class=\"elementor-column elementor-col-100 elementor-top-column elementor-element elementor-element-c6bf460\" data-id=\"c6bf460\" data-element_type=\"column\" data-e-type=\"column\">\n\t\t\t<div class=\"elementor-widget-wrap elementor-element-populated\">\n\t\t\t\t\t\t<div class=\"elementor-element elementor-element-2f64827 elementor-widget elementor-widget-text-editor\" data-id=\"2f64827\" data-element_type=\"widget\" data-e-type=\"widget\" data-widget_type=\"text-editor.default\">\n\t\t\t\t<div class=\"elementor-widget-container\">\n\t\t\t\t\t\t\t\t\t<p><strong>Diritti dell&#8217;utente<\/strong><\/p><p>Sui dati personali da noi raccolti in occasione della visita di questo sito, l&#8217;utente pu\u00f2 esercitare in ogni momento i seguenti diritti:<\/p><p>ottenere informazioni sui suoi dati registrati presso di noi e sul loro trattamento;\u00a0far rettificare i dati personali non corretti;\u00a0far cancellare i dati personali registrati presso di noi;\u00a0porre limiti al trattamento dei suoi dati, se in ottemperanza a obblighi legali non possiamo ancora cancellarli;\u00a0opporsi al trattamento dei suoi dati presso di noi e alla cedibilit\u00e0 di tali dati, se ha autorizzato il trattamento dei suoi dati o firmato un contratto con noi.<\/p><p>Se l&#8217;utente ci ha rilasciato un&#8217;autorizzazione, ha facolt\u00e0 di revocarla in ogni momento con effetto immediato ex nunc.<\/p>\t\t\t\t\t\t\t\t<\/div>\n\t\t\t\t<\/div>\n\t\t\t\t\t<\/div>\n\t\t<\/div>\n\t\t\t\t\t<\/div>\n\t\t<\/section>\n\t\t\t\t<section class=\"elementor-section elementor-top-section elementor-element elementor-element-12ced20 elementor-section-boxed elementor-section-height-default elementor-section-height-default\" data-id=\"12ced20\" data-element_type=\"section\" data-e-type=\"section\">\n\t\t\t\t\t\t<div class=\"elementor-container elementor-column-gap-default\">\n\t\t\t\t\t<div class=\"elementor-column elementor-col-100 elementor-top-column elementor-element elementor-element-5147f36\" data-id=\"5147f36\" data-element_type=\"column\" data-e-type=\"column\">\n\t\t\t<div class=\"elementor-widget-wrap elementor-element-populated\">\n\t\t\t\t\t\t<div class=\"elementor-element elementor-element-613d447 elementor-widget elementor-widget-text-editor\" data-id=\"613d447\" data-element_type=\"widget\" data-e-type=\"widget\" data-widget_type=\"text-editor.default\">\n\t\t\t\t<div class=\"elementor-widget-container\">\n\t\t\t\t\t\t\t\t\t<p><strong>Scopi del trattamento dei dati da parte del Tennis Gordola e da parte di terzi<\/strong><\/p><p>Trattiamo i dati personali solo per gli scopi menzionati nella presente Dichiarazione sulla Protezione dei Dati. \u00c8 esclusa la cessione a terzi di dati personali per scopi diversi da quelli menzionati. I dati personali possono essere trasmessi a terzi solo se:<br \/><br \/>l&#8217;utente ci ha rilasciato un&#8217;esplicita autorizzazione in questo senso;\u00a0\u00e8 necessario il loro trattamento per l&#8217;esecuzione di un contratto stipulato con l&#8217;utente;\u00a0\u00e8 necessario il loro trattamento per l&#8217;adempimento di un impegno giuridico;\u00a0\u00e8 necessario il loro trattamento per la tutela di interessi legittimi e non sussiste alcun motivo per presupporre la necessit\u00e0 di tutelare un interesse preponderante dell&#8217;utente alla non trasmissione dei suoi dati.<\/p>\t\t\t\t\t\t\t\t<\/div>\n\t\t\t\t<\/div>\n\t\t\t\t\t<\/div>\n\t\t<\/div>\n\t\t\t\t\t<\/div>\n\t\t<\/section>\n\t\t\t\t<section class=\"elementor-section elementor-top-section elementor-element elementor-element-c9a577e elementor-section-boxed elementor-section-height-default elementor-section-height-default\" data-id=\"c9a577e\" data-element_type=\"section\" data-e-type=\"section\">\n\t\t\t\t\t\t<div class=\"elementor-container elementor-column-gap-default\">\n\t\t\t\t\t<div class=\"elementor-column elementor-col-100 elementor-top-column elementor-element elementor-element-1d6d55b\" data-id=\"1d6d55b\" data-element_type=\"column\" data-e-type=\"column\">\n\t\t\t<div class=\"elementor-widget-wrap elementor-element-populated\">\n\t\t\t\t\t\t<div class=\"elementor-element elementor-element-cda8b81 elementor-widget elementor-widget-text-editor\" data-id=\"cda8b81\" data-element_type=\"widget\" data-e-type=\"widget\" data-widget_type=\"text-editor.default\">\n\t\t\t\t<div class=\"elementor-widget-container\">\n\t\t\t\t\t\t\t\t\t<p><strong>Cancellazione o blocco dei dati<\/strong><\/p><p>Ci atteniamo al principio della parsimonia e della non eccedenza dei dati personali. Teniamo pertanto i dati personali solo finch\u00e9 necessario ai fini del raggiungimento degli scopi qui menzionati o conformemente ai differenti periodi di conservazione previsti dal legislatore. Venuto meno il singolo scopo o scaduti i suddetti termini, i corrispondenti dati sono bloccati o cancellati di routine, come prescritto dalla legge.<\/p>\t\t\t\t\t\t\t\t<\/div>\n\t\t\t\t<\/div>\n\t\t\t\t\t<\/div>\n\t\t<\/div>\n\t\t\t\t\t<\/div>\n\t\t<\/section>\n\t\t\t\t<section class=\"elementor-section elementor-top-section elementor-element elementor-element-21c76f1 elementor-section-boxed elementor-section-height-default elementor-section-height-default\" data-id=\"21c76f1\" data-element_type=\"section\" data-e-type=\"section\">\n\t\t\t\t\t\t<div class=\"elementor-container elementor-column-gap-default\">\n\t\t\t\t\t<div class=\"elementor-column elementor-col-100 elementor-top-column elementor-element elementor-element-edb51db\" data-id=\"edb51db\" data-element_type=\"column\" data-e-type=\"column\">\n\t\t\t<div class=\"elementor-widget-wrap elementor-element-populated\">\n\t\t\t\t\t\t<div class=\"elementor-element elementor-element-24aedcf elementor-widget elementor-widget-text-editor\" data-id=\"24aedcf\" data-element_type=\"widget\" data-e-type=\"widget\" data-widget_type=\"text-editor.default\">\n\t\t\t\t<div class=\"elementor-widget-container\">\n\t\t\t\t\t\t\t\t\t<p><strong>Registrazione di informazioni generali sui visitatori del nostro sito Web<\/strong><\/p><p>Ogni volta che si accede al nostro sito Internet, registriamo automaticamente informazioni di natura generale. Queste informazioni, memorizzate in file di log sul server, riguardano ad esempio il tipo e la versione del browser, il sistema operativo utilizzato, l&#8217;URL di riferimento, il nome host del computer di accesso, l&#8217;ora della richiesta al server, l&#8217;indirizzo IP e altri dati simili. In questo caso si tratta esclusivamente di informazioni che non permettono di trarre conclusioni personali sull&#8217;utente. Sono tecnicamente necessarie per fornire correttamente i contenuti delle pagine Web richiesti dall&#8217;utente e sono connaturate all&#8217;uso di Internet. Tali informazioni servono in particolare ai seguenti scopi:<\/p><p>assicurare una connessione stabile al sito;\u00a0garantire un utilizzo ottimale del sito;\u00a0valutare la sicurezza e la stabilit\u00e0 del sistema;\u00a0altri scopi amministrativi.<\/p><p>Il trattamento dei dati personali si basa sul nostro interesse legittimo, risultante dai suddetti scopi inerenti al rilevamento dei dati. Non usiamo i dati per trarre conclusioni personali sull&#8217;utente. I destinatari dei dati \u00e9 il Tennis Gordola ed eventualmente gli incaricati del loro trattamento. All&#8217;occorrenza valutiamo le informazioni di questo tipo in forma anonima, al fine di ottimizzare la nostra presenza su Internet e la sottostante tecnologia.<\/p>\t\t\t\t\t\t\t\t<\/div>\n\t\t\t\t<\/div>\n\t\t\t\t\t<\/div>\n\t\t<\/div>\n\t\t\t\t\t<\/div>\n\t\t<\/section>\n\t\t\t\t<section class=\"elementor-section elementor-top-section elementor-element elementor-element-f26de05 elementor-section-boxed elementor-section-height-default elementor-section-height-default\" data-id=\"f26de05\" data-element_type=\"section\" data-e-type=\"section\">\n\t\t\t\t\t\t<div class=\"elementor-container elementor-column-gap-default\">\n\t\t\t\t\t<div class=\"elementor-column elementor-col-100 elementor-top-column elementor-element elementor-element-e4238e2\" data-id=\"e4238e2\" data-element_type=\"column\" data-e-type=\"column\">\n\t\t\t<div class=\"elementor-widget-wrap elementor-element-populated\">\n\t\t\t\t\t\t<div class=\"elementor-element elementor-element-0c40923 elementor-widget elementor-widget-text-editor\" data-id=\"0c40923\" data-element_type=\"widget\" data-e-type=\"widget\" data-widget_type=\"text-editor.default\">\n\t\t\t\t<div class=\"elementor-widget-container\">\n\t\t\t\t\t\t\t\t\t<p><strong>Cookie<\/strong><\/p><p>Come altri siti Web, anche noi utilizziamo i cosiddetti \u00abcookie\u00bb. I cookie sono piccoli file di testo che i server dei siti Web memorizzano sull&#8217;hard disk dell&#8217;utente di Internet durante la navigazione, per ottenere automaticamente determinati dati, come ad es. l&#8217;indirizzo IP, il browser e il sistema operativo utilizzati e la connessione a Internet dell&#8217;utente. I cookie non possono essere usati per aprire programmi o trasmettere un virus a un computer. Con le informazioni contenute nei cookie siamo in grado di facilitare la navigazione, permettendo una corretta visualizzazione delle nostre pagine Web. In nessun caso i dati da noi registrati saranno trasmessi a terzi o usati per stabilire una connessione con dati personali, senza l&#8217;autorizzazione dell&#8217;utente. Naturalmente, in linea di principio, \u00e8 possibile visitare il nostro sito anche senza i cookie. In generale, l&#8217;utente pu\u00f2 disattivare in ogni momento l&#8217;utilizzo dei cookie tramite le impostazioni del suo browser. Facciamo tuttavia presente che, disattivando i cookie, alcune funzionalit\u00e0 del nostro sito Web potrebbero non essere pi\u00f9 operative.<\/p>\t\t\t\t\t\t\t\t<\/div>\n\t\t\t\t<\/div>\n\t\t\t\t\t<\/div>\n\t\t<\/div>\n\t\t\t\t\t<\/div>\n\t\t<\/section>\n\t\t\t\t<section class=\"elementor-section elementor-top-section elementor-element elementor-element-6bb3af9 elementor-section-boxed elementor-section-height-default elementor-section-height-default\" data-id=\"6bb3af9\" data-element_type=\"section\" data-e-type=\"section\">\n\t\t\t\t\t\t<div class=\"elementor-container elementor-column-gap-default\">\n\t\t\t\t\t<div class=\"elementor-column elementor-col-100 elementor-top-column elementor-element elementor-element-a2c7f95\" data-id=\"a2c7f95\" data-element_type=\"column\" data-e-type=\"column\">\n\t\t\t<div class=\"elementor-widget-wrap elementor-element-populated\">\n\t\t\t\t\t\t<div class=\"elementor-element elementor-element-9f99fd8 elementor-widget elementor-widget-text-editor\" data-id=\"9f99fd8\" data-element_type=\"widget\" data-e-type=\"widget\" data-widget_type=\"text-editor.default\">\n\t\t\t\t<div class=\"elementor-widget-container\">\n\t\t\t\t\t\t\t\t\t<p><strong>Crittografia SSL<\/strong><\/p><p>Per garantire la sicurezza della trasmissione dei dati, utilizziamo metodi di crittografia basati sulla tecnologia pi\u00f9 avanzata (ad es. SSL), tramite HTTPS.<\/p>\t\t\t\t\t\t\t\t<\/div>\n\t\t\t\t<\/div>\n\t\t\t\t\t<\/div>\n\t\t<\/div>\n\t\t\t\t\t<\/div>\n\t\t<\/section>\n\t\t\t\t<section class=\"elementor-section elementor-top-section elementor-element elementor-element-b9ad271 elementor-section-boxed elementor-section-height-default elementor-section-height-default\" data-id=\"b9ad271\" data-element_type=\"section\" data-e-type=\"section\">\n\t\t\t\t\t\t<div class=\"elementor-container elementor-column-gap-default\">\n\t\t\t\t\t<div class=\"elementor-column elementor-col-100 elementor-top-column elementor-element elementor-element-73646d3\" data-id=\"73646d3\" data-element_type=\"column\" data-e-type=\"column\">\n\t\t\t<div class=\"elementor-widget-wrap elementor-element-populated\">\n\t\t\t\t\t\t<div class=\"elementor-element elementor-element-f34585b elementor-widget elementor-widget-text-editor\" data-id=\"f34585b\" data-element_type=\"widget\" data-e-type=\"widget\" data-widget_type=\"text-editor.default\">\n\t\t\t\t<div class=\"elementor-widget-container\">\n\t\t\t\t\t\t\t\t\t<p><strong>Modulo di contatto online<\/strong><\/p><p>L&#8217;utente che ci scrive tramite il modulo presente in ogni pagina del sito Web, ci autorizza espressamente a metterci in contatto con lui. A questo scopo deve almeno indicare il nome, un indirizzo e-mail valido e il messaggio che ci vuole inviare, dati necessari per evadere la richiesta e rispondere alla e-mail. I dati forniti sono registrati al fine di dare seguito alla richiesta e per eventuali chiarimenti successivi.<\/p>\t\t\t\t\t\t\t\t<\/div>\n\t\t\t\t<\/div>\n\t\t\t\t\t<\/div>\n\t\t<\/div>\n\t\t\t\t\t<\/div>\n\t\t<\/section>\n\t\t\t\t<section class=\"elementor-section elementor-top-section elementor-element elementor-element-51da360 elementor-section-boxed elementor-section-height-default elementor-section-height-default\" data-id=\"51da360\" data-element_type=\"section\" data-e-type=\"section\">\n\t\t\t\t\t\t<div class=\"elementor-container elementor-column-gap-default\">\n\t\t\t\t\t<div class=\"elementor-column elementor-col-100 elementor-top-column elementor-element elementor-element-1d6faca\" data-id=\"1d6faca\" data-element_type=\"column\" data-e-type=\"column\">\n\t\t\t<div class=\"elementor-widget-wrap elementor-element-populated\">\n\t\t\t\t\t\t<div class=\"elementor-element elementor-element-226032e elementor-widget elementor-widget-text-editor\" data-id=\"226032e\" data-element_type=\"widget\" data-e-type=\"widget\" data-widget_type=\"text-editor.default\">\n\t\t\t\t<div class=\"elementor-widget-container\">\n\t\t\t\t\t\t\t\t\t<p><strong>Newsletter<\/strong><\/p><p>Previa autorizzazione da parte dell&#8217;utente, inviamo regolarmente per e-mail una newsletter o un simile testo informativo alla casella di posta elettronica indicata. Per ricevere la newsletter occorre indicare il nome, il cognome e l&#8217;indirizzo e-mail. I dati forniti per abbonarsi alla nostra newsletter saranno utilizzati esclusivamente per questo scopo. Gli abbonati possono ricevere informazioni via e-mail anche in merito a fatti rilevanti per il servizio o la registrazione (ad esempio modifiche nell&#8217;offerta della newsletter o circostanze tecniche). I dati rilevati, compreso l&#8217;indirizzo IP dell&#8217;utente, servono esclusivamente all&#8217;invio della newsletter e non sono trasmessi a terzi. L&#8217;abbonato pu\u00f2 revocare in ogni momento l&#8217;autorizzazione a conservare i suoi dati personali per l&#8217;invio della newsletter. In ogni newsletter \u00e8 presente un link per cancellare l&#8217;iscrizione. L&#8217;iscrizione pu\u00f2 inoltre essere annullata in ogni momento scrivendo una e-mail a info@tennisgordola.ch\u00a0<\/p>\t\t\t\t\t\t\t\t<\/div>\n\t\t\t\t<\/div>\n\t\t\t\t\t<\/div>\n\t\t<\/div>\n\t\t\t\t\t<\/div>\n\t\t<\/section>\n\t\t\t\t<section class=\"elementor-section elementor-top-section elementor-element elementor-element-8f85ead elementor-section-boxed elementor-section-height-default elementor-section-height-default\" data-id=\"8f85ead\" data-element_type=\"section\" data-e-type=\"section\">\n\t\t\t\t\t\t<div class=\"elementor-container elementor-column-gap-default\">\n\t\t\t\t\t<div class=\"elementor-column elementor-col-100 elementor-top-column elementor-element elementor-element-875ff42\" data-id=\"875ff42\" data-element_type=\"column\" data-e-type=\"column\">\n\t\t\t<div class=\"elementor-widget-wrap elementor-element-populated\">\n\t\t\t\t\t\t<div class=\"elementor-element elementor-element-acbaf1e elementor-widget elementor-widget-text-editor\" data-id=\"acbaf1e\" data-element_type=\"widget\" data-e-type=\"widget\" data-widget_type=\"text-editor.default\">\n\t\t\t\t<div class=\"elementor-widget-container\">\n\t\t\t\t\t\t\t\t\t<p><strong>Google Analytics<\/strong><\/p><p>Google Analytics \u00e8 un servizio di analisi Web fornito da Google Ireland Limited, IRL (&#8220;Google&#8221;). Google utilizza i dati personali raccolti tramite cookie allo scopo di tracciare ed esaminare l&#8217;utilizzo di questo sito Web (su cui \u00e8 attivata l&#8217;anonimizzazione dell&#8217;indirizzo IP), compilare report e condividerli con gli altri servizi sviluppati da Google. Google potrebbe utilizzare i dati personali per contestualizzare e personalizzare gli annunci del proprio network pubblicitario. I visitatori del sito Web hanno la possibilit\u00e0 di impedire l&#8217;utilizzo dei loro dati da parte di Google, scaricando il componente aggiuntivo per browser disponibile all&#8217;URL\u00a0<a href=\"https:\/\/tools.google.com\/dlpage\/gaoptout?hl=it\">https:\/\/tools.google.com\/dlpage\/gaoptout?hl=it<\/a>. Ulteriori informazioni sulla Protezione dei Dati adottata da Google sono disponibili nell&#8217;informativa del provider raggiungibile all&#8217;URL\u00a0<a href=\"https:\/\/policies.google.com\/privacy\">https:\/\/policies.google.com\/privacy<\/a>.<br \/><br \/><\/p>\t\t\t\t\t\t\t\t<\/div>\n\t\t\t\t<\/div>\n\t\t\t\t\t<\/div>\n\t\t<\/div>\n\t\t\t\t\t<\/div>\n\t\t<\/section>\n\t\t\t\t<section class=\"elementor-section elementor-top-section elementor-element elementor-element-fd65f8f elementor-section-boxed elementor-section-height-default elementor-section-height-default\" data-id=\"fd65f8f\" data-element_type=\"section\" data-e-type=\"section\">\n\t\t\t\t\t\t<div class=\"elementor-container elementor-column-gap-default\">\n\t\t\t\t\t<div class=\"elementor-column elementor-col-100 elementor-top-column elementor-element elementor-element-a727cdf\" data-id=\"a727cdf\" data-element_type=\"column\" data-e-type=\"column\">\n\t\t\t<div class=\"elementor-widget-wrap elementor-element-populated\">\n\t\t\t\t\t\t<div class=\"elementor-element elementor-element-85bc05a elementor-widget elementor-widget-text-editor\" data-id=\"85bc05a\" data-element_type=\"widget\" data-e-type=\"widget\" data-widget_type=\"text-editor.default\">\n\t\t\t\t<div class=\"elementor-widget-container\">\n\t\t\t\t\t\t\t\t\t<p><strong>Webland<\/strong><\/p><p>Il nostro sito Web utilizza i servizi di hosting forniti da Webland AG, CHE (&#8220;Webland&#8221;). Informazioni sulla Protezione dei Dati adottata da Webland sono disponibili nell&#8217;informativa del provider raggiungibile all&#8217;URL\u00a0<a href=\"https:\/\/www.webland.ch\/de-ch\/ueber-uns\/datenschutz\">https:\/\/www.webland.ch\/de-ch\/ueber-uns\/datenschutz<\/a>.<\/p>\t\t\t\t\t\t\t\t<\/div>\n\t\t\t\t<\/div>\n\t\t\t\t\t<\/div>\n\t\t<\/div>\n\t\t\t\t\t<\/div>\n\t\t<\/section>\n\t\t\t\t<section class=\"elementor-section elementor-top-section elementor-element elementor-element-cbf3f79 elementor-section-boxed elementor-section-height-default elementor-section-height-default\" data-id=\"cbf3f79\" data-element_type=\"section\" data-e-type=\"section\">\n\t\t\t\t\t\t<div class=\"elementor-container elementor-column-gap-default\">\n\t\t\t\t\t<div class=\"elementor-column elementor-col-100 elementor-top-column elementor-element elementor-element-aa28fd5\" data-id=\"aa28fd5\" data-element_type=\"column\" data-e-type=\"column\">\n\t\t\t<div class=\"elementor-widget-wrap elementor-element-populated\">\n\t\t\t\t\t\t<div class=\"elementor-element elementor-element-0aacc71 elementor-widget elementor-widget-text-editor\" data-id=\"0aacc71\" data-element_type=\"widget\" data-e-type=\"widget\" data-widget_type=\"text-editor.default\">\n\t\t\t\t<div class=\"elementor-widget-container\">\n\t\t\t\t\t\t\t\t\t<p><strong>Modifica delle nostre disposizioni sulla Protezione dei Dati<\/strong><\/p><p>Ci riserviamo il diritto di aggiornare e modificare la presente Dichiarazione sulla Protezione dei Dati senza preavviso. Questo pu\u00f2 avvenire per conformarci a nuovi requisiti normativi, per adattarci a cambiamenti nelle nostre pratiche di gestione dei dati, o per includere servizi aggiuntivi. Invitiamo gli utenti a controllare questa Dichiarazione sulla Protezione dei Dati con regolarit\u00e0. Ogni volta che accederete al nostro sito Web dopo un aggiornamento, si presuppone che accettiate i termini della Dichiarazione aggiornata sulla Protezione dei Dati.<\/p>\t\t\t\t\t\t\t\t<\/div>\n\t\t\t\t<\/div>\n\t\t\t\t\t<\/div>\n\t\t<\/div>\n\t\t\t\t\t<\/div>\n\t\t<\/section>\n\t\t\t\t<\/div>\n\t\t","protected":false},"excerpt":{"rendered":"<p>Dichiarazione sulla protezione dei dati Questo sito Web raccoglie alcuni dati personali dei propri utenti. In base all&#8217;articolo 13 della Costituzione federale svizzera e alle disposizioni della Confederazione in materia di Protezione dei Dati (Legge sulla Protezione dei Dati, LPD), ogni persona ha diritto alla protezione della sua sfera privata, nonch\u00e9 alla protezione da un&#8230;<\/p>\n","protected":false},"author":1,"featured_media":0,"parent":0,"menu_order":0,"comment_status":"closed","ping_status":"closed","template":"","meta":{"om_disable_all_campaigns":false,"_monsterinsights_skip_tracking":false,"_monsterinsights_sitenote_active":false,"_monsterinsights_sitenote_note":"","_monsterinsights_sitenote_category":0,"_kad_post_transparent":"","_kad_post_title":"hide","_kad_post_layout":"fullwidth","_kad_post_sidebar_id":"","_kad_post_content_style":"unboxed","_kad_post_vertical_padding":"hide","_kad_post_feature":"hide","_kad_post_feature_position":"","_kad_post_header":false,"_kad_post_footer":false,"footnotes":""},"class_list":["post-3934","page","type-page","status-publish","hentry"],"_links":{"self":[{"href":"https:\/\/tennisgordola.ch\/index.php\/wp-json\/wp\/v2\/pages\/3934","targetHints":{"allow":["GET"]}}],"collection":[{"href":"https:\/\/tennisgordola.ch\/index.php\/wp-json\/wp\/v2\/pages"}],"about":[{"href":"https:\/\/tennisgordola.ch\/index.php\/wp-json\/wp\/v2\/types\/page"}],"author":[{"embeddable":true,"href":"https:\/\/tennisgordola.ch\/index.php\/wp-json\/wp\/v2\/users\/1"}],"replies":[{"embeddable":true,"href":"https:\/\/tennisgordola.ch\/index.php\/wp-json\/wp\/v2\/comments?post=3934"}],"version-history":[{"count":10,"href":"https:\/\/tennisgordola.ch\/index.php\/wp-json\/wp\/v2\/pages\/3934\/revisions"}],"predecessor-version":[{"id":3984,"href":"https:\/\/tennisgordola.ch\/index.php\/wp-json\/wp\/v2\/pages\/3934\/revisions\/3984"}],"wp:attachment":[{"href":"https:\/\/tennisgordola.ch\/index.php\/wp-json\/wp\/v2\/media?parent=3934"}],"curies":[{"name":"wp","href":"https:\/\/api.w.org\/{rel}","templated":true}]}}